**2 + 8*n + 7. Let k = 2 + -9. Let l be s(k). What are the prime factors of g(l)?
2, 5
Suppose 5*v = 2*f - 23, 2*v = 4*f - v - 25. Let s be 1/(-3)*(-36)/f. Suppose 0*j = -j - 3*l - s, -5*j - 4*l = -40. List the prime factors of j.
2, 3
Suppose -2*a = 8*c - 6*c - 36, 0 = -5*c + 5*a + 50. Suppose 0 = 22*o - c*o - 1184. List the prime factors of o.
2, 37
Let w(j) = 2 + 1 - j**2 - 5*j**2. Let q(l) = -l + 1. Let z(s) = 2*q(s) - w(s). What are the prime factors of z(2)?
19
Suppose -228 + 3035 = g + 3*r, -r = -2*g + 5593. List the prime factors of g.
2, 1399
What are the prime factors of (3548/(-6))/(123/(-738))?
2, 887
What are the prime factors of 13 + (10 - 13) - -1638?
2, 103
Let v(z) = z**2 - 2*z - 2. Let j(w) = -w**2 + 1. Let k(g) = g**3 - 13*g**2 + g - 1. Let r(c) = 5*j(c) - k(c). Let x be r(8). List the prime factors of v(x).
2, 3
Let j(h) = 15*h**2 - 2*h + 1. What are the prime factors of j(2)?
3, 19
Let z = -28 + 24. Let a(x) = -x**2 - 5*x. Let d be a(z). Suppose -m = -5*v - 37, 2*m - 65 + 9 = d*v. List the prime factors of m.
2, 11
Let h(v) = 3*v + 9. Let t be h(-7). Let r = 16 + t. List the prime factors of ((-2)/(-3))/(r/72).
2, 3
Let i be (-1 + 50)/(8/24). Let l = -103 + i. What are the prime factors of l?
2, 11
Let d(y) = 116*y + 11. List the prime factors of d(4).
5, 19
Let p(o) = 5*o - 15. Let y be 14/4*18/9. List the prime factors of p(y).
2, 5
Let k = -2 - 2. Let b be (34/k)/(3/12). Let y = -10 - b. List the prime factors of y.
2, 3
Let j = 8 + -2. Let d be (0/(2 - j))/(-1). Suppose d*i = 3*i - 15. What are the prime factors of i?
5
What are the prime factors of 144*(-10)/(-15) - -6?
2, 3, 17
Let v = 112 + -102. Let k(c) = -c**3 + 11*c**2 + 5*c - 13. What are the prime factors of k(v)?
137
Suppose -48 = 2*i - 3*i. Let f be (3 - (1 - -3))/1. What are the prime factors of i - f*(-3)/3?
47
Suppose -57*w + 119850 = -10*w. List the prime factors of w.
2, 3, 5, 17
Let d(a) = -a**3 - 3*a**2 - a - 1. Let i be d(-3). Suppose 3*p - 2*l = -i*p + 240, -3*p + 4*l + 158 = 0. Suppose 2*c = -0*c + p. List the prime factors of c.
23
Let b be 4/10 - 74/10. Suppose -5*r + r = -5*n - 63, -n = -3*r + 39. Let a = r + b. List the prime factors of a.
5
Suppose j - 2*a = -0 - 2, 1 = a. Suppose 8 = 4*l - j. Suppose 33 = l*r - b, b - 75 = -4*r - 0*r. List the prime factors of r.
2, 3
Let z(o) = 33*o**3 - 34*o**2 + 3*o - 9. List the prime factors of z(3).
3, 5, 13
Let y(p) = 2*p**2 - 7*p - 46. List the prime factors of y(-16).
2, 17
Suppose 9*h = 743 + 319. Suppose -2*t = -4*d - 117 - 137, -t = -5*d - h. List the prime factors of t.
7, 19
Let j be ((-8)/10)/((-2)/5). Suppose j*l + 9 = 13. Suppose c - 5*d = 45, 0 = l*c + 2*d + 2*d - 48. What are the prime factors of c?
2, 3, 5
Let q(f) = -3*f**2 + 22*f - 3. Let r be q(7). What are the prime factors of r/(-6)*(-1104)/32?
23
Suppose -2*i + 239 = 5*t, i - 46 = -3*t + 75. Suppose 0 = -4*o + i + 268. List the prime factors of o.
5, 19
Let v be 310/(-3) + 14/(-21). Let y = 154 + v. List the prime factors of y.
2, 5
Suppose -1706 = -2*z - 124. List the prime factors of z.
7, 113
Suppose j = -4*d + 2*j + 16, 5*d = 3*j + 20. Let y(o) = -4*o - 8*o - 5 + d - 3*o - o**3 - 14*o**2. List the prime factors of y(-13).
5
Let j(c) = -c**3 - 9*c**2 - 3*c - 7. List the prime factors of j(-10).
3, 41
Let g(y) = 1368*y**3 + 2*y**2 + y - 2. List the prime factors of g(1).
37
Let z(w) = 6*w**3 - 11*w**2 - 12*w - 12. What are the prime factors of z(9)?
3, 19, 59
Suppose -3*z - 2*d = -8113, -3*z - d + 2393 = -5721. What are the prime factors of z?
5, 541
Let l be (-75)/(-15) + (1 - 1) + -1. Suppose 5*o = -3*u + 243 + 359, l*o - 480 = -2*u. List the prime factors of o.
2, 59
Suppose 0 = -4*u + 8, 5*u = -0*k - k + 3607. What are the prime factors of k?
3, 11, 109
Let t(j) = -j**3 - 9*j**2 - 5*j + 8. Let o be t(-7). Let q = 32 + o. Let n = q + 50. List the prime factors of n.
3
Suppose -5*t - 2*o + 267 = 83, 0 = -t - 2*o + 32. What are the prime factors of t?
2, 19
Suppose z + 4*j - 30 + 10 = 0, 5*z + 3*j - 168 = 0. Suppose 3*o = -3*p + 5*p - 18, 5*p - 3*o = z. What are the prime factors of p?
2, 3
What are the prime factors of (-6)/4 + 13/78*537?
2, 11
Suppose 4*p - 23 = 89. Suppose 6*q - p - 2 = 0. Suppose q*r = 444 - 89. What are the prime factors of r?
71
Let h be (-9)/(-15) + (-5)/(50/186). Let x(t) = 4*t + 5. Let q(c) = c + 1. Let u(a) = -9*q(a) + 2*x(a). List the prime factors of u(h).
19
Suppose -2*c + 12 = -4*l, -4*c + 2*l + 3*l = -15. Suppose c = -3*f + o + 102, 5*o = -2*f + o + 54. What are the prime factors of f?
3, 11
Suppose -2*i + 5*z - 23 = 2, -30 = i + z. Let u(x) = x**3 - 4*x**2 - 6*x - 3. Let o be u(6). What are the prime factors of (o + 2)*(-10)/i?
2, 7
Suppose 3*b - 33 = 9. What are the prime factors of (9 - 3)/(21/b)?
2
Let q(p) = -26*p + 2840. List the prime factors of q(0).
2, 5, 71
Suppose 17*m - 201 = 16*m + 3*k, 2*k - 426 = -2*m. List the prime factors of m.
2, 3, 5, 7
Let o be (0/4)/(-3) - 27. Let j = 90 + o. What are the prime factors of j?
3, 7
Suppose 2*d = -0*d + 2. Let s(f) = 27*f**3 - 7*f + 4*f + 2*f + d. List the prime factors of s(1).
3
Let h(w) = 5*w**3 - 13*w**2 - 4*w - 11. Let n(l) = 11*l**3 - 27*l**2 - 7*l - 22. Let s(j) = 9*h(j) - 4*n(j). What are the prime factors of s(10)?
3
Let h(c) = -4*c**3 - 8*c**2 - 23*c - 17. List the prime factors of h(-8).
13, 131
Suppose a + 96 = 9*a. Let s = 20 + a. What are the prime factors of s?
2
List the prime factors of 2 + 20874/17 + (-26)/(-221).
2, 3, 5, 41
Suppose 5*y = -g - 38, -3*g - 8 = -4*y - 27. What are the prime factors of 18/y*2184/(-36)?
2, 3, 13
Let n(s) = 65*s - 2. Let c(v) = 2*v - 1. Let g be c(2). List the prime factors of n(g).
193
Let i(w) be the third derivative of -w**4/6 + 13*w**3/6 - 15*w**2. What are the prime factors of i(-6)?
37
Suppose -5*t - 75 = -380. Let u = 99 - t. List the prime factors of u.
2, 19
Let r = -100 - -140. Let k = -4 + r. What are the prime factors of k?
2, 3
Suppose -k + 0*n = 3*n - 113, 297 = 3*k - 5*n. Let d = -73 + k. Let p = -10 + d. List the prime factors of p.
3, 7
Let s be 33/12 + (-1)/(-4). Suppose -152 = o + s*o. Let b = 64 + o. What are the prime factors of b?
2, 13
Suppose n = -3*n. Suppose -2*g = 2*d + d - 54, -3*g - 3*d + 84 = n. Let a = g - 4. What are the prime factors of a?
2, 13
Suppose 28*j - 24*j = 0. What are the prime factors of 5 + (j - -11)*6?
71
What are the prime factors of (662 - (4 + 1)) + 12/(-4)?
2, 3, 109
Let m be 102/(-5)*(-10)/4. Let v = 35 - m. Let n = -7 - v. List the prime factors of n.
3
Suppose 0 = 2*v - o - 13, -5*v + 3*o - 2*o + 40 = 0. Suppose 42 = -z - 4*s + v, -3*z + 4*s = 131. Let f = z - -58. What are the prime factors of f?
17
Suppose -x + 3 = 1. Let d be ((0/(-4))/x)/3. Suppose d*a + 2*a - 50 = 0. What are the prime factors of a?
5
Let n(h) = h**3 + 88. Let z be n(0). Let w = -60 + z. Suppose a + w = 2*a + 2*q, -4*q - 98 = -5*a. List the prime factors of a.
2, 11
Let s(g) = g**2 + 14*g - 16. Let k be s(-15). Let j be (3/4)/(k/(-196)). Let f = -83 + j. List the prime factors of f.
2
Let h = 111 - 63. Let j(v) = 3*v**2 - 5*v - 5. Let u be j(-1). List the prime factors of 0 + h + (-9)/u.
3, 5
Let h(n) = -2*n - 5. Let s(j) = j + 3. Let z(b) = 2*h(b) + 5*s(b). Let u be z(-2). Suppose u*o - 12 = 2*o. What are the prime factors of o?
2, 3
Suppose -50 = -h + 2*a, -2*a + 4*a = -h + 34. Let o be (-5)/(-2) + 21/h. Suppose 0 = -o*n - i + 98 + 156, -342 = -4*n - 2*i. List the prime factors of n.
83
Let q = 41 - 44. List the prime factors of q/(15/(-10)) + 17.
19
Let k(u) = -u**2 + 8*u + 13. Let l be k(9). Suppose s - 485 = -l*s. What are the prime factors of s?
97
Let y(l) = -l**2 + 6*l + 2. Let w = -16 + 22. Let h be 1/(7/w)*7. What are the prime factors of y(h)?
2
Let u(o) = -o - 9. Let x be u(-14). Suppose 5*j - x*f - 570 = -0*f, 5*f + 25 = 0. What are the prime factors of j?
109
Suppose 3*c - 2496 = -7*p + 4*p, -4*c + 4159 = 5*p. List the prime factors of p.
3, 277
Suppose 0 = -6*i + 10*i - 8272. What are the prime factors of i?
2, 11, 47
Suppose 0 = 8*v + 19 + 61. Suppose -123 = -7*z + 4*z. Let r = z - v. What are the prime factors of r?
3, 17
Let t be 3 - -4*4/8. Let w = -15 - t. What are the prime factors of (-98)/(-8) + 5/w?
2, 3
Suppose -5*d + 5*s + 35 = 0, 6*d - d + 2*s =